of t?
1
Suppose 7 = 2*j + 3*h, -27 = -5*j + h - 1. Suppose -j*v = -3*v. Suppose -u - 4*k + 5 = v, 0 = -10*u + 5*u - k + 25. What is the units digit of u?
5
Let c(n) = 23*n + 29*n + 30*n**2 - 53*n + 1. What is the hundreds digit of c(-2)?
1
Let t(p) = -3*p - 6. Let j be t(-5). Let r be 42/(-7)*(-6)/j. What is the tens digit of 896/18 + r/18?
5
Let i(k) = -k**3 + 1. Let h be i(0). Let d be -7*h - (7 - 8). What is the tens digit of -2 + -54*4/d?
3
Suppose -2*j = -4*g - 7*j + 1732, -g + 2*j + 433 = 0. What is the units digit of g?
3
Let w be (-210)/(-27) + 8/36. Suppose 3 = -s + w. What is the units digit of s?
5
Let k(h) = 4*h**2 + 0 - h**2 + 0*h + 4 + 5*h. Let b be k(-3). Suppose -p - 64 = -2*w - 6*p, 4*p - b = 0. What is the units digit of w?
2
Suppose 197 = 3*k - 5*t - 0*t, 4*k - 252 = -4*t. Suppose 5*l - k - 131 = 0. What is the units digit of l?
9
Suppose -55 = -25*w + 14*w. Suppose w*u - 302 = -3*y - 13, 2*u + 8 = 0. What is the hundreds digit of y?
1
Suppose -2*n = 5*g - 11835, -5*n + 864 = -3*g + 7965. What is the units digit of g?
7
Suppose 6*n = 2*n + 92. Let g = n - 32. What is the tens digit of (-3)/2*330/g?
5
Let t(h) = -5*h - 4. Let b = 11 + -10. Let a = -2 - b. What is the units digit of t(a)?
1
Suppose -s + 1388 + 1024 = 3*u, u - 4*s = 817. What is the units digit of u?
5
Suppose -c = 3*q - 2*q - 58, -4*q - c = -229. Suppose 2*a - 12 = -3*o, 0 = o + o - 4*a - 8. Suppose -3*k + n = -o*n - q, -n = 3. What is the units digit of k?
4
Suppose -3*s + 790 = 5*y, 2*y + 2*y = 5*s + 669. Suppose 10 = -2*k, -c = -0*c - 2*k - y. What is the hundreds digit of c?
1
Suppose 0 = -h - 3*j + 2229, 2*h - 3*j - 1230 = 3210. Suppose -14*l = -l - h. What is the units digit of l?
1
Suppose 4*j - 2*p = 2*j + 2, 0 = j + 3*p + 7. Let u = 135 + -90. Let z = u + j. What is the units digit of z?
4
Let x(w) be the third derivative of w**6/120 + 3*w**5/20 - w**4/3 - w**3/3 - 13*w**2. What is the units digit of x(-9)?
0
Suppose 31 = 2*o - 5*d - 15, -5*o = -5*d - 145. Let l = o - 18. What is the tens digit of l?
1
Suppose 9*i - 39 = 42. Suppose -y = i*y - 50. What is the units digit of y?
5
Suppose -2*a + 118 = 4*l, l + 5*a + 170 = 6*l. Suppose 148 + l = y. What is the tens digit of y?
7
Suppose -3*g = -4*h + 981, 3*g - 403 = -4*h + 608. What is the tens digit of h?
4
Suppose 1442 + 1666 = 6*h. What is the units digit of h?
8
Let w be (-142)/6*12/(-2). Let x(b) = -27*b - 725. Let s be x(-27). Suppose -5*i + s*f = -132 - 205, 2*i = 4*f + w. What is the tens digit of i?
6
Let r(n) = -126*n + 338. What is the units digit of r(-15)?
8
Suppose 0 = 6785*i - 6790*i + 4945. What is the units digit of i?
9
Let g(d) = -44*d - 14. Let t be g(-6). Suppose 0*x - 2*x = -t. Suppose -5*s = -3*r - x, -5*s + 7*r = 3*r - 120. What is the units digit of s?
8
What is the tens digit of (-1952)/(-6) + 18/27?
2
Let l(q) = 6*q**2 + 2*q + 2. Let h(u) = -2*u - 19. Let i be h(-8). What is the units digit of l(i)?
0
Let v be (-8)/(-44) + 10/(-55). Suppose -5*m + 1065 = -v*m. What is the tens digit of m?
1
What is the units digit of (434/42 + -9)*(-3651)/(-4)?
7
Suppose l = -4*v + 3*v + 278, 2*v = -4*l + 1110. What is the units digit of l?
7
Let n be ((-28)/21)/(((-12)/9)/4). What is the units digit of 3 + 7*(8 - n)?
1
Let b be 8*(-12)/(-8)*(-1)/3. What is the hundreds digit of -258*(2/b)/1?
1
Let l be (-15)/1 + (-4 - -1). Let n be 82/(-12) + 3/l. What is the tens digit of (-61)/(-2) - n/(-14)?
3
What is the units digit of (60/160)/(1/1304)?
9
Let g be (-4736)/(-7) - ((-75)/(-21) + -4). Suppose 0 = -7*s + g - 131. What is the tens digit of s?
7
Let m = 66 - -29. Let q = 110 + m. What is the hundreds digit of q?
2
Let t = 1766 - -15. What is the units digit of t?
1
Let r(y) = y**3 - 8*y**2 + 10*y - 7. Suppose -70 = p + 4*p. Let s = -7 - p. What is the tens digit of r(s)?
1
Let q(n) = 4 - 4 + 5 + 6*n**2 + 6*n - n**3 + 0*n**2. Let b be q(7). Let i = 0 - b. What is the units digit of i?
2
What is the hundreds digit of 16/(-6)*20976/(-38)?
4
Let a(v) = 426*v**2 + 13*v - 32. What is the units digit of a(2)?
8
Let k(t) = -t**3 - 13*t**2 + 17*t + 19. Let c be k(-15). Let h be c/(-12) - (-3)/(-18). Let x = 62 + h. What is the units digit of x?
4
Let t(v) = 8*v - 4. Let o be t(3). Let c = 32 - o. Suppose c = g - 5. What is the units digit of g?
7
Let v(f) = -2*f. Let s be v(0). What is the units digit of 2 + (0 - -30) - s?
2
Let z(d) = -d**3 + 6*d**2 - 5*d - 4. Let l(g) = 4*g**2 + 2*g - 1. Let o be l(1). Let b be z(o). What is the units digit of b/(-4*4/72)?
8
Let b(g) = -195*g - 2. Let j be b(-2). Suppose -4*l - 781 = x, 2*x = 2*l - 0*x + j. What is the units digit of (l/52)/(1/(-8))?
0
Suppose 0 = -7*k + 9*k - 4. What is the hundreds digit of 1/(k - 1 - 0) - -106?
1
What is the hundreds digit of -6*(-3)/30 + (-30136)/(-40)?
7
Let n = -7 + -6. Let d = n + 17. Suppose -130 = -d*y - y. What is the units digit of y?
6
Let f(y) = y**3 + 1. Let c(d) = 15*d**2 + 6*d + 14. Let k(m) = -c(m) - f(m). Let u be k(-15). Suppose -q + 2*q = u. What is the units digit of q?
5
Let z(y) = y - 15. Let v be z(-7). Let s = -16 - v. Let l = 23 - s. What is the units digit of l?
7
Let v = 83 - 28. Let m = 93 - v. What is the tens digit of m?
3
Suppose -164*u + 5040 = -160*u. What is the hundreds digit of u?
2
Let b = -33 + 32. Let w(x) = -47*x**3 - 2*x**2 - x. Let p be w(b). What is the units digit of (p/3)/((-1)/(-3))?
6
Let k(q) = q**3 - 5*q**2 - 8*q + 15. Let b be k(6). Suppose 3*g = -b*g + 924. What is the tens digit of g?
5
Suppose 3*g + 10 = 19. Suppose -u - g*u + 224 = 0. What is the units digit of u?
6
Let t(k) = k**3 + 4*k**2 - 8*k - 6. Let f be t(-5). Suppose -93 = 5*h + u, h - 2*u + 33 = -7*u. What is the units digit of (-598)/h + (-2)/f?
3
Let c(k) = -2*k**2 - k + 3. Let z be c(0). Suppose 0*v = -v + 2*a + 57, -4*v + z*a + 253 = 0. What is the units digit of v?
7
Suppose 162 = 5*r - 83. Let p(c) = -c**2 + 31*c - 150. Let y be p(6). Suppose a + 0*a + 5 = y, -a = b - r. What is the tens digit of b?
5
Let l = 15 - 10. Suppose -l - 5 = -5*b. Let k(p) = 8*p - 3. What is the units digit of k(b)?
3
Suppose -25 = 5*k, 46 - 2 = h - 5*k. Let z = 105 - h. What is the tens digit of z?
8
Suppose 4123 + 4205 = 8*t. What is the units digit of t?
1
Let y be (-5)/(-3) + 5/15. Suppose 5*k + 225 = 3*q, k = 4*q + y*k - 300. What is the tens digit of q?
7
Let v = 8501 + -2401. What is the units digit of v?
0
Suppose 2*k + 11396 = 3*h, -3*k = -3*h + 13349 - 1958. What is the hundreds digit of h?
8
Let o(u) = -u**3 - 5*u**2 - 5*u - 4. Let w be o(-4). Suppose w = 10*h - 1192 - 218. What is the units digit of h?
1
What is the tens digit of 182865/292 + 2/(-8)?
2
Let u be 1/(1/1) - 4. Let h(w) = 7*w**3 + 7*w**2 + w - 4. Let t(n) = n**3 + n**2. Let m(p) = -h(p) + 6*t(p). What is the units digit of m(u)?
5
Let h be (-3 + ((-1)/(-2))/1)*-2. Suppose 1166 = h*n + p, 686 = 3*n + 4*p - 0*p. What is the units digit of n?
4
Suppose 121 = 17*k - 185. What is the units digit of k?
8
Let u be (-5)/2*8 + 2. Let i(b) = b**3 + 19*b**2 + 16*b + 28. What is the units digit of i(u)?
4
Suppose w + 279 = 1469. What is the thousands digit of w?
1
Let t = 568 + 2332. What is the hundreds digit of t?
9
Suppose -47 - 549 = -2*x. What is the tens digit of x?
9
Suppose 0 = -w - 0 - 5. Let p be ((-8)/10)/(-1)*w. What is the units digit of 3 - ((-4)/p)/(-1)?
4
Let v be (4/12)/(2/(-12)). Let r be (-2 + 23)/((-3)/v). Let o = 8 + r. What is the tens digit of o?
2
Let j(z) = 4*z - 28. What is the units digit of j(19)?
8
Let p = 1334 + -726. What is the hundreds digit of p?
6
Suppose 5448 = -808*h + 811*h. What is the hundreds digit of h?
8
What is the thousands digit of -30*11/(-33) - -3733?
3
Suppose -2*l - 44 = -l. What is the tens digit of l/(-5)*(-45)/(-6)?
6
Let v(c) = -c**2 + 4*c - 3. Let l be v(3). Suppose 12*u - 10*u + 4 = l. What is the tens digit of (u/3)/(30/(-2115))?
4
Let t = -3 + 7. Suppose m + 255 = t*m. Suppose -5*b = -0*b - m. What is the tens digit of b?
1
Suppose 4*i - 570 - 1678 = 0. What is the units digit of i?
2
Let f(t) = 3*t**2 - 12*t + 41. Let z = -104 + 110. What is the units digit of f(z)?
7
Let p(d) = -d**2 - 8*d + 3. Let t be p(-5). Let f be (t - -3)/(3/8). Suppose -14*i = -18*i + f. What is the tens digit of i?
1
Let j be (-36)/(1 + 